**3 + 2*z**2 + 2. Determine f(t).
2
Suppose 0 = -p + 5*p - 8. Let r(i) be the first derivative of -i**3/2 + 3*i**2/2 - i - 1. Let z(a) be the first derivative of r(a). Determine z(p).
-3
Let t = -62 + 65. Let a(l) be the first derivative of l + l**t + l**2 + 1/4*l**4 + 2. Give a(-3).
-5
Let o = -11 + 10. Let z(n) = 4*n**2 + 2*n + 1. What is z(o)?
3
Let i(t) be the second derivative of 3*t**4/4 - t**3/6 - t**2/2 - 2*t. Let v = 10 - 11. What is i(v)?
9
Let k(x) = 10*x**2 + 2*x + 1. Let n be k(-1). Let w(y) = -3 + y + 4*y - 3*y + n. Suppose -2*i = 5 + 5. Give w(i).
-4
Let x(q) be the second derivative of -q**4/12 - q**3/6 - q**2/2 - 3*q. What is x(-3)?
-7
Suppose 2*j - 10 + 0 = 0. Let g be (6/(-10))/((-1)/j). Let w(i) = 10*i**2 - 2*i - 16. Let y(a) = -7*a**2 + a + 11. Let o(b) = -5*w(b) - 7*y(b). Determine o(g).
3
Let j(q) be the third derivative of -2*q**2 + 0*q + 0 + 1/24*q**4 + q**3. Suppose 3*f - 3 = -18. What is j(f)?
1
Suppose -3*i + 5*i = 0. Let v be -1*(-2 - -6) + i. Let b(f) = -f**2 - 2*f + 4. Calculate b(v).
-4
Let c(q) = 2*q**2 + q. Let a be 3 + 6/(-2) + -3. Calculate c(a).
15
Let a(b) = b**2 - 2*b - 8. Let m be a(5). Let i(w) = -w**2 + 8*w - 9. Give i(m).
-2
Let j(z) be the second derivative of z**4/6 + z**3/6 - 2*z. Calculate j(3).
21
Let o(p) be the second derivative of p**5/4 - 5*p. What is o(1)?
5
Suppose 2*n + 164 = 3*s - 3*n, 264 = 5*s + n. Suppose -s + 1 = 4*v. Let f = v - -8. Let r(y) = -y**3 - 4*y**2 + 6*y - 1. Give r(f).
-6
Let q(b) = 5*b**2 + b + 21. Let u(r) = -r**2 - 5. Let y(z) = 2*q(z) + 9*u(z). Let j(d) = d**2 + 3*d - 4. Let f(o) = -5*j(o) + 6*y(o). What is f(3)?
2
Let v = 12 + -4. Let z = 4 - v. Let r(c) = c + 3. Determine r(z).
-1
Suppose -2*w = -5*w + 18. Let g(f) = -4*f**2 - 8*f + 6. Suppose 0*k = 4*k - 20. Let n(c) = 5*c**2 + 9*c - 7. Let a(r) = k*n(r) + w*g(r). Calculate a(3).
1
Let s be 3 - (0/2 - 0). Suppose 4*g = -3*a - 9, -4*a - 5*g - s = 9. Let k(n) = -n**3 - 2*n**2 + 2*n + 2. Determine k(a).
5
Let s(v) = -9*v + 1. Let r(l) = 20*l - 2. Let b(a) = 4*r(a) + 9*s(a). Give b(-6).
7
Let z(y) = 9*y - 13. Let t(d) = 5*d - 7. Let b(l) = 11*t(l) - 6*z(l). Give b(4).
5
Let w(k) = -k**2 - 4*k - 2. Suppose 0 = 2*d + 3*d - 25. Suppose -31 = -2*b + 6*b - 5*r, -b + d*r + 11 = 0. Let y be b/(-35) + (-44)/10. Give w(y).
-2
Let q(d) = -9*d - 7*d - 1 + 13*d. What is q(-4)?
11
Let v(o) = o. Let a(b) = 6*b. Let l(s) = a(s) - 9*v(s). Let y(z) = -5*z**3 - z**2 + 1. Let x be y(1). What is l(x)?
15
Let t(y) be the second derivative of -y**4/24 - y**3/6 - y**2/2 + y. Let z(i) be the first derivative of t(i). What is z(-1)?
0
Let s(m) = 5*m**2 - 10*m + 4. Let p(g) = -6*g**2 + 11*g - 4. Let w(z) = 6*p(z) + 7*s(z). Give w(-5).
-1
Suppose 0 = -4*d - 7 - 13. Let h(t) = -t + 1. Let u(j) = 4*j. Let f(q) = -3*h(q) - u(q). Determine f(d).
2
Suppose 4*i - 3*j - 32 = 0, 16 = 2*i - 9*j + 4*j. Let d(n) = 2*n - 10. What is d(i)?
6
Suppose n = -3*n + 44. Let p = n - 9. Let v(w) = -2*w + 3. Determine v(p).
-1
Suppose l = -0*l. Let r = l - 4. Let o(b) = 2 + 0 + 2*b + 2. Determine o(r).
-4
Suppose 3*t = 5*p - 38, 2*t - 2*p = 7*t + 22. Let q(x) be the third derivative of -x**5/60 - 7*x**4/24 - x**3 - x**2. What is q(t)?
0
Let f be (15 - -3)*(1 - 0). Let i = -5 + f. Let j = -8 + i. Let s(m) = m**3 - 5*m**2 + 3. Calculate s(j).
3
Let u(c) = 5*c**2 - c**2 + 12*c**3 - 13*c**3 + c**2 - 7. Determine u(5).
-7
Let d(t) = t**3 - 4*t**2 - t - 3. Let y be 3 - (-18 + 3 + 0). Suppose 5*n = -2*s + y, -7 = -0*n - 3*n - 5*s. What is d(n)?
-7
Let l(d) = d**3 - 6*d**2 - 6*d - 5. Suppose 6 = 2*q - 0*h + 2*h, -q - 5*h - 13 = 0. Give l(q).
2
Let d(w) = -7*w**2 - 15*w + 11. Let t(h) = -4*h**2 - 8*h + 5. Let l(o) = 3*d(o) - 5*t(o). Calculate l(-6).
2
Let z(k) = -k**3 - 9*k**2 - k - 8. Let u be z(-9). Let v(m) = 0*m - 2*m + 0*m + u + 3*m. What is v(-4)?
-3
Let s(r) = -r - 2. Let i(j) = -3. Let c(u) = -2*i(u) + 3*s(u). Let x = -16 + 14. Determine c(x).
6
Let k(j) = j**2 + j. Let u(f) = f**2 - 6 + 11 - 2*f + 2*f - f**3. Let q be u(0). Let v = q + -5. What is k(v)?
0
Suppose -5*h = -3*z - 35, 0 = -3*h - 5*z + 2*z + 45. Let g(m) = m**2 - 8*m - 12. What is g(h)?
8
Suppose 6*b - b = 25. Let a(r) = -b + 0*r - 4*r - r + r**2. Suppose -34 = -5*w - 9. Determine a(w).
-5
Let a(b) = -12*b**2 + b - 1. Suppose 0 = -5*s + 3 + 2. Give a(s).
-12
Let y(o) = o**2 + o - 1. Suppose 5*j - 5 = -5*m, 0 = j + 5*m - 0*m + 7. Calculate y(j).
11
Let v(s) be the second derivative of 4*s**3/3 + s**2/2 - 3*s. Determine v(-1).
-7
Let p(v) be the third derivative of -v**5/15 - v**4/6 - v**3/2 - 2*v**2. Let f(o) = 5*o**2 + 3*o + 2. Let w(k) = 3*f(k) + 2*p(k). Give w(-1).
6
Let y(p) = -5*p + 4*p + 5*p + 8*p. Give y(-1).
-12
Suppose -5*g + 12 = -3. Suppose -g*n + 0*n = -12. Let o(j) = -4*j**2 + 5*j + 3*j**2 - j. Give o(n).
0
Suppose -4*j - 77 = 5*n, -15 - 22 = 4*n - 5*j. Let p = 12 + n. Let h(t) = -4*t - 2 + 0*t + 1. What is h(p)?
3
Suppose r + 4 = 0, 0 = -t + 5*t - 5*r - 28. Let z(v) = 17*v**2 - v**3 - 4*v**2 - v**2 - 11*v**2 + t*v + 1. What is z(2)?
1
Let t(a) = -a**2 + 2*a + 6. Let i = 88 - 55. Suppose 0 = -5*r - 8 + i. What is t(r)?
-9
Let g(y) = -8*y - 9. Let u(f) = f**2 - f - 5. Let a be u(4). Let w(s) = -9*s - 10. Let i(x) = a*g(x) - 6*w(x). Give i(-2).
1
Let j(z) be the third derivative of -z**5/60 - z**4/6 - 2*z**3/3 - 9*z**2. Determine j(-4).
-4
Suppose 0 = 7*v - 2*v + 15. Let u(m) = m**2 + m - 3. Let p be u(v). Let k = 1 - p. Let t(w) = -w**2. What is t(k)?
-4
Let f(o) = -2*o + 1. Let y(a) = 2*a - 2. Let d(u) = -7*f(u) - 6*y(u). Give d(-9).
-13
Let h(q) = -q**3 - q**2 + q + 1. Let o(d) = -5*d**3 - 7*d**2 + 7*d + 5. Let n(p) = 6*h(p) - o(p). Let b(a) = -a + 3*a + 8 - a. Let v be b(-6). Calculate n(v).
-5
Let b(y) = y**2 - 3*y - 6. Suppose -2*q + 1 + 5 = 0, -18 = w - 5*q. Let x be 1/(0 - w/15). What is b(x)?
4
Let j(t) = t**2 - 7*t - 4. Let v be j(9). Suppose 0 = 3*i + w + 4*w - 20, 3*i - w = v. Let p(r) = -r**2 + 4*r - 3. What is p(i)?
-8
Let g(k) = 78 - 15*k - 163 + 88. Give g(2).
-27
Let n(g) = -2*g**3 - g**2 + 2*g. Let j(m) = -m**3 + 4*m**2 - m - 4. Let k be j(3). Suppose -5*f = -7 + k, b - 2*f = -4. Give n(b).
8
Let z(l) = -7*l**2 - 5*l + 8. Let w(p) = -11*p**2 - 7*p + 12. Let c(v) = -5*w(v) + 8*z(v). Let m be -3 - 3*6/9. Give c(m).
4
Let o be (10/25)/(2/10). Let j(q) = 2 - 3*q - 3*q**2 + 7*q**3 - 6*q**o - 6*q. Let r(x) = 4*x**3 - 5*x**2 - 5*x + 1. Let t(m) = -3*j(m) + 5*r(m). Give t(2).
3
Let k(c) = c**2 - 2*c + 1. Suppose b = 5*j - 10*j + 10, -5*j + 4*b - 15 = 0. Suppose j = -2*h + 3*h. Give k(h).
0
Let b(k) = -6*k**3 + k**2 - k + 1. Let p be (-583)/(-44) + (-1)/4. Let w = -12 + p. Determine b(w).
-5
Suppose -r = 4*g + 13, 0*g = -2*r + 2*g + 14. Let f(x) = -1 - 6*x + 5 + 5*x - 2. Determine f(r).
-1
Suppose 0*n = 3*n + 9. Suppose -6*c + 8*c - 10 = 0. Let w(s) = -3*s - 3 - c*s**2 - s**2 + 5*s**2. Calculate w(n).
-3
Let g(w) = 6*w**2 + 2*w - 1. Suppose n = -3*n. Suppose -4*r + 5 = 1. Let l = r - n. What is g(l)?
7
Let n(d) = d**2 - d - 27. Let x be n(6). Let b(i) = 8*i - 3. What is b(x)?
21
Let j(l) be the third derivative of -7/6*l**3 + 0 - 1/24*l**4 - 3*l**2 + 0*l. Determine j(0).
-7
Suppose s - 6*s - 10 = 0. Let a(q) = -5*q. Let c(z) = -z**2 - 6*z. Let g(h) = s*c(h) + 3*a(h). Suppose 2*k + 8 = 6*k. What is g(k)?
2
Let a(n) = -n**2 - 8*n - 4. Let j be a(-7). Suppose 2 = -x + j*x. Let f = -3 + x. Let c(r) = -r. Give c(f).
2
Let i = -12 + 11. Let u(l) = 10*l + 1. Calculate u(i).
-9
Suppose 0 = -4*m - 38 - 10. Let z(l) = l**3 + 13*l**2 + 12*l. Calculate z(m).
0
Let u(w) = -w**3 - 3*w**2 - 5*w - 3. Let x(r) = -3*r + 37. Let a be x(13). Calculate u(a).
3
Let v(i) = i + 1. Suppose 2*c + 27 = 15. What is v(c)?
-5
Let z(c) = -749*c + 5 - 2 - 4 + 748*c. Let g(t) = t + 6. Let x be g(0). Calculate z(x).
-7
Let c(t) be the third derivative of t**6/120 + t**5/60 - t**4/6 - 2*t**3/3 + 13*t**2. What is c(-3)?
-10
Suppose 0 = -10*s + 5*s - 30. Let d = 3 + s. Let g(w) = 11 - 2 + 2*w - 9 + w**2. Calculate g(d).
3
Let n(q) = -q**3 - 21*q**2 - 2. Let u be n(-21). Let d(z) = 6*z. Give d(u).
-12
Let c(a) = 2*a**3 + a**2 - 3*a - 1. Let d(l) = -l - 1. Let j be d(-7). Let p be (8/1 - 2) + -2. Let y = p - j. Calculate c(y).
-7
Let d = 17 + -15. Let b(p) = 2 - d*p - 5 + 2. Give b(-4).
7
Suppose -67 = 4*u - 3*p - 0*p, 3